is the hundreds digit of 150/8*(4 - 140/(-7))?
4
Suppose -5*n - 5*s + 510 = 0, 3*n - 408 = -n + s. Suppose 39 = -2*m - z + 270, -m - 5*z = -n. What is the tens digit of m?
1
Let w(c) = c**3 - 10*c**2 - c + 7. Let j be w(10). Let m be (-1 - 6/j) + 4. Suppose -22 = -m*i - 7. What is the units digit of i?
3
Suppose -2*w + 10*w - 32 = 0. What is the units digit of (w - 6)/1 + 65?
3
Let u = -2989 - -4334. What is the hundreds digit of u?
3
Let n = 32 + 207. Suppose 3*k = -5*j + n, 125 = 2*k + 3*j - 33. What is the tens digit of k?
7
Suppose -5*o + 10 = 0, -5*o = 17*p - 18*p + 5939. What is the hundreds digit of p?
9
Suppose 0 = 2*j - 10, 3*j - 393 = -q + j. Let u = q + -229. What is the hundreds digit of u?
1
Suppose 17438 = 3*c + 2*w, -3*w + 5248 + 553 = c. What is the tens digit of c?
1
Let t = -103 + 121. Let k = t - -11. What is the units digit of k?
9
Suppose -4*x - 23 = 3*j, 6*j - j + 15 = 5*x. What is the units digit of x + (-7690)/(-35) - (-2)/7?
8
Suppose 3*x + 4*s + 197 = 582, -5*x - 3*s + 649 = 0. Suppose 5*j - 257 = 3*a, a - x = -3*j - 3*a. Let o = -29 + j. What is the tens digit of o?
2
Suppose 0 = 2*l + v + 14 + 85, 5*l = -2*v - 246. Let k(z) = -2*z + 2. Let h be k(1). What is the units digit of h/(-7) + (0 - l)?
8
Let x(t) = t - 5. Let d = 4 - -4. Let q be x(d). Suppose -q*j = 6*s - s - 60, 3*s = -5*j + 20. What is the tens digit of s?
1
Let f(v) = 2*v + 0 - 2 - 9. Let k = 324 - 316. What is the units digit of f(k)?
5
Let q = 63 - 46. What is the tens digit of (121/4)/(q/68)?
2
Suppose -3*p + 4*i = -1, -3*i + 10 = 2*i. What is the units digit of (64/6 + 2)*p?
8
Suppose r + n - 3104 = 0, -9*n + 5*n - 12448 = -4*r. What is the units digit of r?
8
Suppose -2*o + 42 = o + d, -2*o = -2*d - 36. Suppose 2*r = o + 5. What is the units digit of r?
0
Let o = -140 + 348. Suppose -3*s = -h - 172, 2*s + 4*h - o = -2*s. What is the tens digit of s?
5
Suppose x = -0*x + 10. Let z(p) = 2*p**2 - 2*p - 16. What is the hundreds digit of z(x)?
1
Let l(b) = 13*b**2 - 47*b + 276. What is the hundreds digit of l(19)?
0
Suppose 37*x = 43*x - 12. Let o(i) = i**3 + i**2 + 2 - 2*i + 0 + 3*i**3. What is the units digit of o(x)?
4
Let i(u) = -2*u + 2. Let n be i(-1). Suppose 2*f + 2 = n. What is the units digit of f?
1
What is the units digit of (-82)/(-2) - (-6)/42*0?
1
Let g(v) = -v + 3. Let c be g(3). Let o = 38 + -34. Suppose -3*w = o*x - 19, -5*x = -c*w + 5*w - 30. What is the units digit of x?
1
Suppose -l + 2*p = 4, -1 - 14 = -5*p. Let v be ((-1)/l)/((-5)/50). Suppose 55 = 3*h + v*y, 4*y - 2*y + 82 = 4*h. What is the tens digit of h?
2
What is the hundreds digit of ((-146720)/(-240))/((-2)/(-6))?
8
Let o = -342 + 897. Suppose -7*z + o = -2*z. What is the units digit of z?
1
Let p be 0/((-1)/((-1)/2)). Suppose 2*v + x + 5 = 3*v, 4*x + 12 = p. Suppose w = 3*m, -m = v*w - 5*m - 4. What is the units digit of w?
6
Let m = 3756 + -2501. What is the units digit of m?
5
Let h be (1/(9/6))/(4/2190). Suppose 0 = 27*a - 22*a - h. What is the tens digit of a?
7
Let m be (-85)/(-10) + (-6)/4. Suppose 929 - 3295 = -m*k. What is the hundreds digit of k?
3
Suppose -5*p + 8*p = m - 702, 2*m - 1409 = 5*p. What is the hundreds digit of m?
7
Let m = -8613 + 2169. Let d be (m/(-45))/((-2)/(-5)). Suppose -2*w + 141 = 3*i, 2*w + 3*w - d = -2*i. What is the tens digit of w?
7
Let a = 250 - -50. Suppose -2*q - y + a = -4*y, -3*y + 276 = 2*q. What is the hundreds digit of q?
1
Suppose 10*q - 13*q + 629 = -2*d, -4*q - 5*d + 877 = 0. What is the units digit of q?
3
Let u(l) = l**2 + 13. Let a = 16 - 36. Let y = -20 - a. What is the tens digit of u(y)?
1
Let r(b) = 95*b - 3. What is the hundreds digit of r(3)?
2
Let m(d) = 14*d - 19. Let z be m(8). Suppose 0 = -2*c - 0*c - 3*l + 201, 3*l - z = -c. What is the tens digit of c?
0
Let o = -2610 + 5541. What is the thousands digit of o?
2
Let m(d) = -2*d**2 + 41*d - 67. Let i(c) = -3*c**2 + 61*c - 101. Let r(y) = -5*i(y) + 7*m(y). What is the units digit of r(16)?
4
Let t = -78 - 29. Let o = t - -181. What is the units digit of o?
4
Suppose 8*o - 584 = 4*o. What is the tens digit of o/6 - 28/(-42)?
2
Suppose 0 = -71*g + 69*g + 8. Suppose o - 8 = -1. Let i = o + g. What is the units digit of i?
1
Let s be 1/(1/80)*1. Suppose 5*w = 1 + 24. Suppose 65 = w*x - s. What is the tens digit of x?
2
Let k be (-43)/3 - 9/(-27). Let g be (k/(-10) + -1)*-50. Let j = -8 - g. What is the units digit of j?
2
Let s be (-3 + 3)/(-3 - 0). Suppose s = 4*h - 2*h + v - 9, -5*v = h - 9. Suppose 37 + 15 = h*z. What is the tens digit of z?
1
Let l(d) = -5*d + 6. Let s = -24 + 28. Let t(g) = 9*g - 13. Let q(j) = s*t(j) + 7*l(j). What is the units digit of q(11)?
1
Let c(r) = -r**3 + 2*r**2 + 3*r - 2. Let h be c(2). Let q(v) = 0*v + 12 + h*v + 6*v + 9*v**2 - 5*v**3 + 4*v**3. What is the units digit of q(10)?
2
Let t = -1366 + 2093. What is the units digit of t?
7
Let n = 3189 - 1756. What is the tens digit of n?
3
Suppose -3*n + 2 = 2*j, j - 18 = -2*j + 3*n. Suppose 2*s - 1 = 7, j*b = -s + 56. What is the units digit of b?
3
Let w be 1/7 - (-15174)/63. Suppose -79 = -u + 3*i, 0*u = 4*u + 3*i - w. What is the units digit of u?
4
Let l = -145 + 261. What is the hundreds digit of l?
1
Suppose 59238 + 91962 = 63*j. What is the tens digit of j?
0
What is the tens digit of (12/33)/(-2) - (-195465)/33?
2
Suppose -y - 2 = 0, -2*a + 5*y - 4*y + 888 = 0. What is the tens digit of a?
4
Suppose 7187 = 22*l - 17*l - 4*k, 2*k + 6 = 0. What is the units digit of l?
5
Suppose -g - 5 = 25. Let d be (-162)/g + 2/(-5). Suppose -4*l + 92 = d*c, 0*l - 71 = -5*c + 3*l. What is the tens digit of c?
1
Let j be 5/(31 + -1) - (-2)/(-12). Suppose j = c - o - 30, 5*c - 46 = -4*o + 77. What is the units digit of c?
7
Suppose -19 - 3 = 4*m + 2*l, -2*m + l = 21. What is the tens digit of 4 - 4/m*158?
8
Suppose 2*s - 3 = 2*p + 5, 0 = 4*p + 20. What is the tens digit of (221/(-39))/(s/3)?
1
Suppose -5*i = -0*i + 5. What is the tens digit of i*(5*-67)/5?
6
Let o(g) = -g - 19. Let r be o(-27). Suppose 4*s + 187 = i, r*i - 2*s - 917 = 3*i. What is the hundreds digit of i?
1
Suppose 0 = -3*h + h - 8. Let k(i) be the third derivative of -i**6/120 - i**5/20 - i**3/3 + 3*i**2 - 2*i. What is the tens digit of k(h)?
1
Let j(g) = -2*g**3 + 9*g**2 + 26*g + 5. What is the hundreds digit of j(-10)?
6
Suppose -3365 = -4*a + 5*m, -7*a + 2*m = -4*a - 2529. What is the units digit of a?
5
Let j be 8/(-2)*1*-1. Let f = 5 - j. What is the units digit of (5 - 2) + (3 - f)?
5
Let o be (6540/(-25))/6 + (-2)/5. What is the tens digit of 343/11 + (-4 - 168/o)?
3
Let h(l) = 2*l + 55. What is the units digit of h(19)?
3
Let c(l) be the second derivative of -l**3/6 + 14*l**2 + 12*l. What is the units digit of c(12)?
6
Let v be (1/9 - 35/(-9)) + -1. Suppose 758 = v*n - 4*i, 3*i = -n + 4*i + 252. What is the units digit of n?
0
Let z = -10 + 19. Let d = 11 - z. Suppose -3*w + 97 = -w - 5*y, 0 = d*w - 4*y - 92. What is the units digit of w?
6
Suppose 3*x - 2*f - 2884 = 2*f, 5*x - 2*f = 4816. What is the tens digit of x?
6
Suppose -52*q = -55*q + 990. What is the tens digit of q?
3
Let t be (-4*9/24)/(3/(-1240)). Suppose -6*p + p + t = 0. What is the tens digit of p?
2
Let w be (-2 + 5)*(-2)/(-3). Let u be (-160 + 2)*(-1)/w. Suppose 5*t = 151 + u. What is the tens digit of t?
4
Let i(m) = 2*m + 3. Let n be i(1). Suppose y - 2*y = -4*q - 22, 2*y = n*q + 26. What is the units digit of q/(-2)*24/36?
2
Let r = 24 + 52. Let n = r + -46. What is the units digit of n?
0
Let f(l) = -4*l - 17. Let a be f(-8). Suppose 0 = 2*y + k - 5, -2*k = -5*y - 4*k + a. What is the units digit of ((-45)/(-75))/(1/y)?
3
Let q be (5*8/100)/((-2)/(-30)). Let x be 0 + 7 + 0/(-2). Suppose x*j = q*j + 26. What is the tens digit of j?
2
Suppose -61 - 299 = -2*j. Suppose -j - 170 = -5*y. What is the units digit of y?
0
Let l(y) = -58*y + 182. What is the units digit of l(-7)?
8
Let d(w) = w**2 + w. Let y be (-1 - 4) + (1 - 2). What is the units digit of d(y)?
0
Suppose 477 - 523 = -u. What is the tens digit of u?
4
Suppose 2*t - 231 = -5*g + 3384, -2909 = -4*g - 5*t. Let z = g + -509. What is the hundreds digit of z?
2
Let w(y) = 18*y - 2. Let m be w(-2). Let q = m - -24. Let j = q + 17. What is the units digit of j?
3
Suppose -5*f + 10 = -2*m + 1, -3*